u. Let v = 494 - u. What is the hundreds digit of v?
2
Let c(x) = -x**2 + 20*x + 189. Let b be c(-7). What is the tens digit of (-5 + b + 4)*-59?
5
Let j(v) = -3*v**3 - v**2 - 4*v + 7. Let r(z) = 7*z**3 + z**2 + 8*z - 15. Let d = 6 - 4. Let p(c) = d*r(c) + 5*j(c). What is the tens digit of p(-4)?
3
What is the units digit of -6 - (-2)/(-3)*5823633/(-142)?
5
Let l = 393 - 383. Suppose -10 = -l*s + 3370. What is the hundreds digit of s?
3
Let z = -275 - -577. Let s = 1602 - z. What is the tens digit of s?
0
Suppose 2*k - 32*p - 514 = -35*p, -3*k = 2*p - 771. Let n = -74 + k. What is the units digit of n?
3
Suppose -183718 + 57920 - 107556 = -22*h. What is the ten thousands digit of h?
1
What is the hundreds digit of 0/(-1)*(-1)/(-2) + (-969 - -15625)?
6
Let b = 1639 - 206. What is the thousands digit of b?
1
Let y = 74 - -96. Let h be (-28)/(-5)*y/4. Let p = h - 115. What is the hundreds digit of p?
1
Let i be ((-6)/5)/(5/(-450)). Suppose -i = -4*s - 5*n, 27 = -4*s + 5*s - 2*n. What is the tens digit of s?
2
Suppose -2*y + 1630 = -2*l, 0 = -2*y + 7*y + 20. Let v = l - -1582. What is the units digit of v?
3
Let y(b) = -b**2 + 16*b + 8. Suppose -2*j + 0*u - 9 = -5*u, 0 = j - 4*u + 9. Suppose -5*f + 27 = 5*w - 18, -30 = -j*f - 4*w. What is the tens digit of y(f)?
6
What is the units digit of (-32)/(-36)*-6*(-6447)/28?
8
Suppose 40*r + 394062 = 55*r - 142293. What is the hundreds digit of r?
7
Let c = -1781 + 2966. What is the thousands digit of c?
1
Let y(f) = 437*f**2 + 4*f - 8. What is the units digit of y(-4)?
8
Let t(r) = -3*r - 22. Let f be t(11). Let b = f + 64. Suppose -6*h = -b*h + 462. What is the hundreds digit of h?
1
Let p = 224 + -24. Let z = 239 - p. What is the tens digit of z?
3
Suppose 20*b = y + 16*b - 100, -3*y + 330 = 3*b. Suppose -y*d = -112*d + 3376. What is the tens digit of d?
4
Let c = 10 - -21. Suppose -3*x + 4*x - c = -5*j, x = -2*j + 22. Suppose -441 = 13*h - x*h. What is the units digit of h?
7
Let j be 1/(-2) - ((-156)/(-8))/3. Let t be 45/(-63) - (-2)/j. What is the tens digit of t/(-7) - 1010/(-35)?
2
Let o(x) = -24*x**3 - x**2 + 11*x + 3. Let v(j) = j**2 - 22*j + 37. Let i be v(20). What is the tens digit of o(i)?
0
Suppose 176 - 56 = 3*y. Suppose y = -2*q + 6. Let s = q + 95. What is the units digit of s?
8
Suppose 29*o = 8*o + 585270. What is the hundreds digit of o?
8
Suppose 5*w + 7*d = 3*d + 101, 0 = -3*w + 3*d + 66. Let m = -28 + w. Let x(l) = -6*l + 16. What is the units digit of x(m)?
8
Suppose 1455 = -11*k - 3418. Let n = k + 1980. What is the tens digit of n?
3
Let u(d) be the first derivative of -72*d**2 - 12*d + 36. What is the tens digit of u(-6)?
5
Let c(k) = 2*k**3 + 5*k**2 + 38*k - 87. What is the thousands digit of c(14)?
6
Let m(p) = 2*p**2 - 19*p - 19. Let g be m(11). Suppose -18*j - g = -20*j. Suppose 81 = j*a - 444. What is the tens digit of a?
7
Let b be 5/(-4 + (-1465)/(-365)). Suppose 5*p + 4*q - b - 75 = 0, 5*p + 5*q = 435. Suppose 7*s - p = 727. What is the tens digit of s?
1
Suppose -q + 14*f + 6925 = 15*f, 5*q - 4*f = 34634. What is the tens digit of q?
2
Let x = 37 + -49. What is the units digit of -20*3/x*113?
5
Let z(q) = q + 8. Let l be z(-6). Let n be -3 + 159 + 2/1 + -6. Suppose -n = 3*t - 2*h - 544, -l*h = 3*t - 388. What is the hundreds digit of t?
1
Let o = 73123 - 43976. What is the hundreds digit of o?
1
Suppose 4*z + m - 17 = 0, -3*z + 0*z + 5*m = -30. Suppose 0 = -z*w - i + 10, -2*w + 4*w + i - 1 = 0. What is the units digit of w?
3
Suppose 3*w - 4*k + 12650 = 58300, -5*w - k + 76114 = 0. What is the thousands digit of w?
5
Let o(f) = 104*f**2 + 199*f - 98. What is the hundreds digit of o(-9)?
5
Let k(l) = l**3 + 9*l**2 + 4*l - 3. Let u be k(-4). Suppose -3*a = 4*n - 65, -1 = 2*n + 1. Let f = u - a. What is the units digit of f?
8
Let z be (-56)/(-10) + 3/(-5). Suppose -z*x + 3*x = 4*m - 164, m = -3*x + 36. Let a = m - -131. What is the units digit of a?
3
Let p = -1617 - -10081. Suppose p = 5*u + 3*b + 3002, 4*u = 4*b + 4376. What is the hundreds digit of u?
0
Suppose 3*h = 459 + 186. Suppose -w + 5*s + 200 = -6*w, 2*s + h = -5*w. Let a = 120 + w. What is the units digit of a?
5
Suppose -5*i - 2 = -3*y + 10, -i = 4*y - 16. Suppose i = 5*q - 9*q + 2336. What is the tens digit of q?
8
Suppose 0 = 3*n - 2*j - 2897, 5*j = 9*n - 6*n - 2891. What is the units digit of n?
7
Let o(g) = -11*g - 168. Let p be o(-18). Suppose -26220 = 10*y - p*y. What is the tens digit of y?
1
Let f = -108 - 68. Let h = f - -387. What is the tens digit of h?
1
Let v = -5871 - -10747. What is the hundreds digit of v?
8
Let g be 10 - (-2 - -6 - 3). Suppose -16 = h - g*h. Suppose -2*b - 2 + 98 = t, -5*t = h*b - 448. What is the tens digit of t?
8
Suppose -t = 4*b - 5, 0*b + 10 = 2*t - 3*b. Suppose 0 = -t*d + 6*d + 15. Let v = 98 + d. What is the units digit of v?
3
Let f be 22*-2*-1 + -1. Let b be 8/6*(-10 - (20 + -18)). Let c = b + f. What is the units digit of c?
7
Let f = 2514 - -3500. What is the thousands digit of f?
6
Suppose 3*v = 5*a - 106886, 0 = -a - 2*v + 1502 + 19857. What is the thousands digit of a?
1
Let c = 63614 - 38160. What is the tens digit of c?
5
Suppose -10*d + 1623 = -1287. Suppose 338*p + d = 341*p. What is the units digit of p?
7
Let s be (-2)/(-1)*(2 - 3/(-6)). Suppose -s*x = 77 + 18. Let t = 38 + x. What is the units digit of t?
9
Let h = -229 - -232. Suppose -6*n + h*n + 773 = -4*d, -4*n + 1034 = -2*d. What is the hundreds digit of n?
2
Let y(u) = -u**3 + 17*u**2 - u + 17. Let d be y(17). Suppose 2*o + 5 = -m - d, -5*m + 2 = o. What is the hundreds digit of o + (7 + -4 - -111)?
1
Let y(j) = -j + 13. Let o be y(6). Suppose -284 = -3*l + 4*x, 8*x - 404 = -4*l + o*x. What is the units digit of l?
0
Let x(j) = -2*j**2 + 18*j + 22. Let y be x(10). Suppose -y*p + 4*p - 153 = -o, 5*p - 156 = -o. What is the tens digit of o?
5
Suppose -4*w - 427 = -3*v, -44*w = -45*w + 5. Suppose 6*t - 581 = -v. What is the units digit of t?
2
Suppose 11*i - 134115 - 266582 = 0. What is the units digit of i?
7
Let l(h) = -125*h - 613. What is the hundreds digit of l(-71)?
2
Let d = -2854 + 6936. What is the tens digit of d?
8
Suppose -13338 - 17802 = -45*q. What is the units digit of q?
2
Let c(z) = -86*z - 3. Let m be c(-4). Let k be (-13 + 9)/((-10)/1) + 3609/15. Let v = m - k. What is the units digit of v?
0
Let k(g) = -451*g - 105. What is the units digit of k(-8)?
3
Suppose 0 = 5*g + 487 - 452, -2*u + 122815 = -g. What is the tens digit of u?
0
Let j(x) = 487*x**2 - 968*x**2 + 24 + 484*x**2 + 14*x. What is the hundreds digit of j(-11)?
2
Let d(k) = -k**3 + 14*k**2 + 22*k - 5. Let m be d(15). Suppose -4*i - m = 2*j, 4*i - 3 = -j - 59. Let r = 151 + j. What is the tens digit of r?
0
Suppose -199 + 548 = 2*a - 3*y, -4*a + 678 = -2*y. Suppose -4*x - 231 = 3*g, 3*x = -0*g - g - a. Let u = x - -140. What is the units digit of u?
6
What is the units digit of (-1542)/9*(-8961)/206?
3
Suppose -a + 262 + 401 = 0. Suppose -g - p + a = 0, -4*g = -4*p - 1068 - 1544. What is the units digit of g?
8
Let u(f) be the second derivative of f**5 - f**4/24 + f**3/6 - 7*f. Let o(w) be the second derivative of u(w). What is the units digit of o(1)?
9
Suppose -b - 5*x + 71299 = 0, -4*b - 86321 = 5*x - 371547. What is the units digit of b?
9
Suppose -2303 = -5*k - 6*f + 9*f, 0 = -2*k - 2*f + 934. Let c = k - 55. What is the hundreds digit of c?
4
Let q be (16 - 4) + (0 - 2). Suppose -31*n + q = -30*n. Suppose z - n - 1 = 0. What is the units digit of z?
1
Let j = 2847 - 872. What is the hundreds digit of j?
9
Suppose -16600 = -25*g + 5*g. Suppose -4*u + 2*v = -u - 35, -v - 1 = 0. Suppose -u*w = -w - g. What is the tens digit of w?
8
Suppose 106*t - 646046 = 307212. What is the units digit of t?
3
Let j = -185 + 187. Suppose j*a - 594 = -4*z, -3*a = -2*z - 39 - 828. What is the tens digit of a?
9
Let s = -44541 + 70814. What is the thousands digit of s?
6
Let c = 254 + -250. Suppose 297 = -c*l + 1869. What is the hundreds digit of l?
3
Let u(t) = -2*t + 1. Let s be u(-3). Let x(m) = 56*m + 58. What is the hundreds digit of x(s)?
4
Let l(d) = -29*d**2 - 7*d - 17. Let j(m) = -58*m**2 - 15*m - 35. Let v(t) = 3*j(t) - 7*l(t). What is the hundreds digit of v(-3)?
2
Suppose 4*l + 6*f + 4 = 2*f, 3*l + 2 = -4*f. Let k be l/(